 is the units digit of g(-5)?
5
Suppose -2*a = -13 - 7. Suppose -2*c + 11 = -h, 2*h - c + 9 = -2*h. Let r = a - h. What is the tens digit of r?
1
Suppose -f - 10 = -2*v, 5*f + 20 = 3*v + f. Suppose -3*t + v*u = -3, 5*t - 10 = u + 4*u. Suppose -t = -4*p + 3. What is the units digit of p?
2
Let n(d) = 3*d + 8. Let x(s) = -2*s - 9. Let f(h) = -5*n(h) - 4*x(h). What is the units digit of f(-3)?
7
Let f = 11 + -7. Let a be 2/(-3)*-6 + -3. Suppose 0*g + z + a = -2*g, 0 = -f*g + z + 7. What is the units digit of g?
1
Let j(p) = -4*p + p - p**3 + 6 - 2 + 5*p**2. What is the tens digit of j(3)?
1
Let a(m) = -m**2 + 6*m + 1. Let j(o) = -o**2 - 10*o - 10. Suppose 5 = -k - 3*u, -5*k + u + 0*u - 41 = 0. Let b be j(k). What is the units digit of a(b)?
1
Suppose -7*s = -2*s - 15. Suppose t - 9 = -s*w, -t = 4*t - 2*w - 96. What is the tens digit of t?
1
Suppose z + 5*y + 7 = -0*z, 5 = -3*z + y. What is the tens digit of (-15 - z/(-2))/(-1)?
1
Suppose 240 - 92 = 4*i. What is the tens digit of i?
3
Let i = 9 + -5. Let o = 0 + i. What is the units digit of o?
4
Suppose 0 = -3*a - 7 + 19. Suppose a*f + f = 30. Suppose 3*g - f*g - 4*q + 38 = 0, 24 = 3*g - 3*q. What is the tens digit of g?
1
Let q = -3 + 8. Suppose -q = -3*y - 2*l, -4*l = -l + 6. What is the units digit of y?
3
Let p = -35 + 87. What is the tens digit of p?
5
Let u = 3 + -2. Let i = 2 - u. Suppose -i + 7 = 2*a. What is the units digit of a?
3
Let d be 60/(-4) + -1*2. Let x = -6 - d. What is the tens digit of x?
1
Suppose 0 = -v + 4*v - 9. Let h = v + 3. Suppose 3*a = -m + h*m + 19, 0 = -4*a - 3*m + 35. What is the units digit of a?
8
Let a(s) = s**2 - 6*s - 7. Let g be a(6). Let v(c) = c**2 + 7*c + 10. Let h be v(g). What is the units digit of -5*((-24)/h + 2)?
2
Suppose v + 0 = -3. What is the units digit of ((-9)/v)/((-2)/(-10))?
5
Let n(j) = -28*j + 2. Let z be n(-2). Let x = -40 + z. What is the units digit of x?
8
Let w(n) = -n + 21. Let o be w(17). Suppose o*x + 54 = 138. What is the units digit of x?
1
Let d(q) = -2*q + 2*q + 0*q - 1 - 2*q. Let j be d(-1). What is the units digit of 2 - j/1*-11?
3
Let h(c) = -2*c - 5. Let s be h(-5). What is the units digit of (14/s)/(16/40)?
7
Let y(d) = d**3 + 4*d**2 + d + 2. Let t be y(-3). Let l(c) = -7 + t + c**2 + 9*c + 8. What is the units digit of l(-8)?
1
What is the units digit of 1/3*(46 - 13)?
1
Suppose 0*q + 3*i = q - 36, 5*i + 170 = 5*q. Suppose -4*f + q = -15. What is the tens digit of f?
1
Suppose 0*g = -2*g + 4. What is the units digit of (-16)/(-7) + g/(-7)?
2
Let v(m) = 9*m + 1. Let j be v(-4). What is the units digit of (-112)/(-10) + 7/j?
1
Suppose -5*h - 4*p - 14 = 0, 0*h + 3*p - 5 = 4*h. What is the units digit of (0 - h)*12/8?
3
Let s(t) be the third derivative of 1/10*t**5 + 1/24*t**4 + 0*t + 0 + 0*t**3 + t**2. What is the units digit of s(-1)?
5
Let d be (-2)/(-2)*(27 + 1). Let z(s) = -s**3 + 5*s**2 - 2*s - 3. Let q be z(4). Suppose 2*u = q*p + 1 - 43, -4*u - d = -3*p. What is the units digit of p?
8
What is the hundreds digit of 148 - (0 - (-1 - 2))?
1
Let b(j) = j + 15. What is the units digit of b(-13)?
2
Let k(s) = -28*s - 12. What is the tens digit of k(-3)?
7
Suppose 17 - 54 = 5*h + 3*k, 3*h - 3*k + 27 = 0. Let x = h + 14. What is the units digit of x?
6
Let x = 34 - 21. What is the tens digit of x?
1
Suppose -4*a = -5*w - 12, 22 = 5*a - 2*w - 10. Let l be (-3)/((-9)/(-48)*4) + 2. Let g = l + a. What is the units digit of g?
6
Suppose -3*k + t + 10 = 0, -2*k - 3*k = -3*t - 14. Let s = k + 5. What is the units digit of s?
9
Let h = 5 + -3. Let i be h/4*(1 - 33). Let n = i - -23. What is the units digit of n?
7
What is the units digit of 1/2 + 140/8?
8
Suppose -6*z = -2*z. Suppose -k + 42 = 3*j, z = -3*j + 8 + 7. What is the tens digit of k?
2
Let v = 5 + -10. Let g(j) = -2*j - 5. Let y be g(v). Suppose -y*w + 5 = 0, -3*w - 1 = -0*u - 4*u. What is the units digit of u?
1
Let z(f) = -3*f + 18. What is the units digit of z(-7)?
9
Let n = 156 - -16. What is the tens digit of n?
7
Let h(k) = -k**3 - 7*k**2 - 2*k - 6. Let y be h(-7). Suppose y*s = 5*s + 45. What is the tens digit of s?
1
What is the tens digit of 54 + 14 - (-1 + 0)?
6
Let j = 1 + 7. Suppose -2*k + 7*k = 0. Suppose k = t - j + 3. What is the units digit of t?
5
Let v be (-7)/(28/16) + -22. Suppose 0*y - 36 = 2*y. Let c = y - v. What is the units digit of c?
8
Let x be ((-63)/(-3))/((-3)/2). Let b be 60/14 - (-4)/x. Suppose 5*k - b*k = 16. What is the tens digit of k?
1
What is the units digit of (-4 + 5 - -2) + 138?
1
Let p(y) = -y**3 + 16*y**2 + 4*y - 4. What is the units digit of p(16)?
0
What is the tens digit of ((-1)/2*3)/(3/(-476))?
3
Let t(r) = -r**2 - 9*r - 2. What is the units digit of t(-5)?
8
Let v be ((-165)/10)/(1/(-2)). Let r = v - 23. What is the units digit of r?
0
Let o = 31 - 15. Let z = -11 + o. What is the units digit of z?
5
Let c(p) = -p**2 - 7*p. Let n be c(5). Let v = -102 - n. What is the units digit of ((-4)/3)/(4/v)?
4
Let b(r) be the first derivative of -r**2 + 8*r + 1. Let m be b(7). Let o = m - -10. What is the units digit of o?
4
Suppose -4*o = -3*o. Let a be -2 - (o - -2 - -26). What is the units digit of 5/10 - a/4?
8
Let j be 44/(-36) - 4/(-18). Suppose -3 = 3*f + q - 4, 3*f + 15 = 3*q. What is the units digit of (f - (6 + -1))*j?
6
Suppose -2*z = -20 - 58. What is the units digit of z?
9
Let g(m) = 77*m**2 + m. What is the tens digit of g(1)?
7
What is the units digit of (-4600)/20*(-2)/5?
2
Let u = -6 - -2. Let c = 30 - u. What is the units digit of c?
4
What is the tens digit of (1/2)/(3/162)?
2
Let n(f) = -f**3 - 2*f**2 + 3*f. Suppose 9 = -3*x - 0*x. Let h be n(x). Let y = h - -2. What is the units digit of y?
2
Let b(k) = -6*k**2 + 2. Let f(l) = -5*l**2 + 3. Let r(t) = -3*b(t) + 2*f(t). What is the units digit of r(1)?
8
Suppose 2*u = 4*u - 56. What is the units digit of u?
8
Let q(p) be the third derivative of -p**4/24 - p**3/6 + 3*p**2. What is the units digit of q(-9)?
8
Suppose c = 2*u - 12, -4*c - 18 - 6 = -2*u. Let y(r) = r**3 + 3*r**2 - 2*r - 1. Let d be y(c). What is the units digit of 68/18 - 2/d?
4
Suppose 2*a = -v - 38, 0*a - 4*a = -v - 68. Let f be v/(-5) + 4/10. Suppose -2*y + 4 = -3*s - f, 5*y + s - 35 = 0. What is the units digit of y?
7
Suppose -12*k = -9*k - 27. What is the units digit of k?
9
What is the tens digit of ((-2)/8)/(3/(-372))?
3
Let x be -1 - (-1 - 4) - 1. Suppose 2*w - 2*u + 4 = 0, -x*w + 29 = -0*w + 4*u. Suppose -f = w*f - 80. What is the tens digit of f?
2
Let f(o) = -21*o**3 + o**2 - 2*o + 1. Let v be f(1). Let x = -10 - v. What is the units digit of x?
1
Let t be 16/2*3/6. Suppose r + t = -3*r. What is the units digit of (-21)/(r - 2) - 1?
6
Let o = 0 + 0. Let f = 56 + -38. Let y = o + f. What is the tens digit of y?
1
What is the units digit of (-398)/(-10) - 4/(-20)?
0
What is the units digit of (-5 - 1)/(-2*1)?
3
Let j = 195 - 31. What is the units digit of j?
4
Suppose 2*f + 11 - 33 = 0. What is the units digit of f?
1
Let s(h) = -h**2 + 2. Suppose 2*u - x - 1 = 0, 3 = -2*u - 3*x - 0. What is the units digit of s(u)?
2
Let c(g) = 2*g**2 + 17*g + 8. What is the tens digit of c(-12)?
9
Let g(t) = -10*t. Let x(w) = -40*w. Let f(j) = 25*g(j) - 6*x(j). What is the units digit of f(-2)?
0
Let o(d) = -d - 4. Let y be o(-8). Suppose 0 = -5*w + 4*j - 14, -y*w - 7 = w + 3*j. What is the units digit of 114/27 + w/9?
4
Suppose 9*d - 8*d - 10 = 0. What is the units digit of d?
0
Suppose l + 0 = -4. Let r = -1 - l. What is the units digit of r?
3
Let h be 2236/(-14) + (-4)/14. Let j be ((-3)/(-2))/((-6)/h). Suppose 3*u - j = -2*u. What is the units digit of u?
8
Let r be (-2)/(-4)*0/5. What is the units digit of r + 1*(1 - 0)?
1
Let c(t) = -t**2 + 9*t + 2. Let i be c(9). Let s(w) = -5 - w**3 - 6*w**2 + 11*w**2 - 2*w**3 + i*w**3. What is the units digit of s(4)?
1
Let i = -14 - -19. Let w be 3/(-12) + (-122)/(-8). Suppose 0 = i*p + 5 - w. What is the units digit of p?
2
Let j(x) = 2*x**2 + 15*x - 30. What is the units digit of j(-12)?
8
Let i = 77 + -54. What is the units digit of i?
3
What is the units digit of 16/4 + 3*-1?
1
Let n(a) = -a**2 + 3*a + 8. Let m be n(4). Suppose -f + d + 36 = 0, -42 + 149 = 3*f - m*d. What is the tens digit of f?
3
Let s(k) = -k + 1. Let i be s(-1). Suppose -30 = -r + 2